et g(h) = -10*h + 2. What is the remainder when g(m) is divided by f?
10
Let s(f) = -f + 5. Let n be s(0). Suppose -n*g + j - 2*j = -34, -6 = g - 3*j. Let y(m) = m + 1. Calculate the remainder when g is divided by y(1).
0
Let q(o) = -4*o + 5. Let u be q(-4). Suppose 5*r - 4 - u = 0. Calculate the remainder when 17 is divided by r.
2
Suppose 43 = -3*d - 2*i, 3*d + i + 13 = 2*d. Let m = d + 27. What is the remainder when ((-1)/2)/(3/(-174)) is divided by m?
9
Let p = 69 - 55. Calculate the remainder when 26 is divided by p.
12
Calculate the remainder when 43 is divided by 12 - (4 - 3/1).
10
Suppose -6*z + 2*z = -96. Suppose 3*a = 2*d - a - 162, -15 = 3*a. Calculate the remainder when d is divided by z.
23
Let c(o) = 2*o - 6. Let l be c(-9). What is the remainder when -1*2 + l/(-3) is divided by 5?
1
Let l be 3/15 + (-236)/(-20). Let b(c) = c + 4. Calculate the remainder when 46 is divided by b(l).
14
Suppose 7*q - 11*q = -16. Suppose -s = -q - 21. Calculate the remainder when 49 is divided by s.
24
Let n(c) = c**3 + c + 2. Let w be n(0). Suppose 2*u - 24 = -w*u. What is the remainder when u is divided by 4?
2
Suppose 0*w = -2*w + 12. Calculate the remainder when w is divided by 3.
0
Let z(h) = -h**3 + 6*h**2 + 4*h - 9. Let o(y) = -5*y + 1. Let q be o(-1). What is the remainder when 29 is divided by z(q)?
14
Let b(v) = v**3 + 8*v**2 + 6*v - 4. Suppose -20 = -2*q - 2. Calculate the remainder when q is divided by b(-7).
0
Suppose 4*d = 4*l + 172, -151 = -l + 5*l + 3*d. Let y = l - -68. Suppose -11 = -g - 1. What is the remainder when y is divided by g?
8
Let c(a) = a**3 - 9*a**2 + 13*a - 11. Calculate the remainder when c(8) is divided by 8.
5
Suppose 4*d - 74 = -o, -4*o + 2*o + 34 = 2*d. Suppose 102 = v + 2*v + 2*f, -5*v - 2*f = -174. Calculate the remainder when v is divided by d.
17
Suppose 36*s = 30*s + 312. Calculate the remainder when s is divided by 11.
8
Suppose -k = 4*x + 8, 2*x - 6 = 5*x + 5*k. Let g = x + 17. Calculate the remainder when (-43)/(-1*(1 + 0)) is divided by g.
13
Suppose -7 - 8 = -3*w. Calculate the remainder when 6 is divided by w.
1
Suppose -r - 40 = -3*z + 4*r, 5*z - 3*r = 40. What is the remainder when 17 is divided by z?
2
Let j(p) = p**3 - 6*p**2 - 3*p + 4. Let z be j(7). Let u = z - 17. What is the remainder when 43 is divided by u?
13
Let g(p) = -p + 10. Let j be g(7). Suppose 2*a = -j + 15. Suppose -a*x = -2*x + 2*z - 202, 3*z - 197 = -4*x. Calculate the remainder when x is divided by 18.
17
Suppose u = 2*g + 5 - 0, -4*u - 3*g + 75 = 0. Calculate the remainder when 57 is divided by u.
12
Let n be 38/2*(3 + -4). Let l = 39 + n. Suppose -p + 4*r + 7 = -0*p, 0 = p + 4*r - 15. Calculate the remainder when l is divided by p.
9
Calculate the remainder when 145/15 + (-2)/3 is divided by 5.
4
Let m = -4 - -8. Suppose -5*q + 8 = -2. Calculate the remainder when m is divided by q.
0
Suppose 189 + 346 = 5*q - 3*s, 5*q - 4*s - 535 = 0. Calculate the remainder when q is divided by 9.
8
Suppose 0 = 4*d - 221 - 171. Calculate the remainder when d is divided by 25.
23
Let r be (3 - 6) + -1 + 1. Let n = r - -9. What is the remainder when 16 is divided by n?
4
Let b(s) = s**3 - 6*s**2 + 4*s - 6. Let p be b(6). Let g = -7 + p. Calculate the remainder when 20 is divided by g.
9
Suppose 4 - 3 = s. Suppose -5 = -2*d + s. Suppose -d = -l - 1. What is the remainder when 2 is divided by l?
0
Suppose -5*s = -p - 21, -s + 3*p + 10 = 3. Calculate the remainder when 129/9 - 2/(-3) is divided by s.
3
Let v(s) = -s**2 + 8*s - 3. Calculate the remainder when ((-115)/15)/(2/(-6)) is divided by v(5).
11
Let l be (-2)/(-3) - (-111)/9. Let g = l - 35. Let q = g - -54. What is the remainder when q is divided by 17?
15
Let x = 43 + -24. Calculate the remainder when (15*2 + -4)*2 + 3 is divided by x.
17
Let h = 81 + -63. Calculate the remainder when h is divided by 8.
2
Suppose -644 = 4*v - 0*v. Let d = -103 - v. What is the remainder when d is divided by 15?
13
Suppose -4*r = -r - 516. Suppose 0 = 5*p - 43 - r. Suppose 5*h - 38 - 37 = 0. Calculate the remainder when p is divided by h.
13
Suppose -4*j = 5*b - 55, -j - 41 = -3*b - 5*j. Calculate the remainder when b is divided by 4.
3
Let d = 5 + -1. Suppose -o + 65 = d*o. What is the remainder when o is divided by 7?
6
Let q = -66 - -118. Calculate the remainder when q is divided by 18.
16
Suppose 8*c = 11*c + 6. Calculate the remainder when (68/12)/(c/(-6)) is divided by 6.
5
Let w = 5 + 0. Suppose -w*b + 5 = 4*m, -1 = 5*m - 4*m - b. Suppose -2 = -2*z - 3*y - m, 4*y = z - 1. Calculate the remainder when z is divided by 1.
0
Let u be (-6 + (-12)/(-4))*-3. Calculate the remainder when 36 is divided by (-3)/u - (-116)/6.
17
Let u = 4 - 1. Suppose -38 = -4*i - v, -i + 5*v = -u*i + 10. What is the remainder when 29 is divided by i?
9
Suppose 2*s - g = -6*g + 34, 3*g - 40 = -4*s. Suppose -3*m = 0, 0 = -5*h - 0*h + 5*m + 15. What is the remainder when s is divided by h?
1
Suppose 4*c - 260 = -4*z, -3*c + 323 = z + 4*z. Suppose 0 = -2*m + 4*m. Let p(i) = i + 22. What is the remainder when z is divided by p(m)?
20
Let n = -27 - 14. Let c = 70 + n. Calculate the remainder when c is divided by (15/(2 - 1))/(9/6).
9
Suppose 5*x - 136 - 124 = 0. What is the remainder when x is divided by 11?
8
Let b = 37 + -24. Let v = 6 + -1. Suppose -119 = -v*d - 3*o, -3*d - 3*o - 2*o + 65 = 0. Calculate the remainder when d is divided by b.
12
Let y(t) be the second derivative of -t**3/6 - t**2 + 2*t. Let u be y(-5). Calculate the remainder when 14 is divided by 6/u + 1 + 1.
2
Let l(c) be the third derivative of -1/6*c**3 + 0*c + 1/24*c**4 + 0 + c**2. Calculate the remainder when l(4) is divided by 2.
1
Suppose 4*j - 4*a = 35 + 5, 5*a = 2*j - 17. Suppose 13 = 3*c - j. Calculate the remainder when c is divided by 5/2 - 1/(-2).
2
Let t = 7 - 6. Let a be (t - -1)*5/5. Suppose 3*s - 3*l - 30 = 0, -5*l - 19 = a*s - 74. What is the remainder when s is divided by 4?
3
Let j be ((-22)/(-4))/((-1)/(-2)). Let f = j - 7. Calculate the remainder when f is divided by 3.
1
Let x(s) = 7*s. Let t be x(-9). What is the remainder when 35 is divided by (t/14)/(1/(-2))?
8
Suppose 5*t + 2*u = 26, 3*t + 0*u + 5*u = 8. Let r(c) = 2*c - 3 - 2*c + 6*c**2 - c**3 + 7*c - 2. What is the remainder when r(t) is divided by 13?
11
Suppose -5*k - 3*u + 1 = -7, -4*u = -2*k + 24. Suppose 0 = -5*b - r + 6 + 20, -4*r + k = 0. Calculate the remainder when 8 is divided by b.
3
Suppose 11*u = 10*u + 15. What is the remainder when 26 is divided by u?
11
Let u be 3/15 - (-118)/10. Let j = u - 5. Let q(a) = a**2 - 5*a + 10. What is the remainder when q(j) is divided by 13?
11
Suppose 4*s = 48 - 8. Calculate the remainder when 18 is divided by s.
8
Let w = -10 + 14. Suppose -k = -i - 4*k + 39, -91 = -w*i + k. Calculate the remainder when i is divided by 13.
11
Let c(m) = -8*m + 7. Let q = 31 + -15. Suppose -25 = -5*o, 5*b + 2*o - 79 = q. What is the remainder when c(-3) is divided by b?
14
Let m(d) = -d**3 + 10*d**2 - 10*d + 13. Let b = 4 - 2. Calculate the remainder when (1 - b)/(1/(-6)) is divided by m(9).
2
Suppose 4 = 4*n, 2*l + 4*n + 0*n = 162. Calculate the remainder when l is divided by 27.
25
Let r = -83 - -59. Let u = r + 64. Suppose -s - 52 = -4*q, 2*s - 6 = -q + 4*s. What is the remainder when u is divided by q?
12
Let n = 171 - 112. What is the remainder when n is divided by 20?
19
Let m = -7 - -9. Suppose -2*c + 4*c + 4 = 0, 0 = j - m*c - 60. What is the remainder when j is divided by 19?
18
Let z = -10 + 42. Calculate the remainder when z is divided by (0 - 1*11)*-1.
10
Suppose 0 = -5*c + 44 + 211. Let m = c - 22. Calculate the remainder when m is divided by 8.
5
Suppose -51*l + 406 = -44*l. What is the remainder when l is divided by 21?
16
Suppose -5*x - 4 = 3*j + 7, 2*x = -8. Let b = 14 - 6. Let l = 15 - b. Calculate the remainder when l is divided by j.
1
Let a = 1 + 2. Suppose a*z - 3 = 3*y, 4*y + 1 - 9 = -2*z. Let h = -9 - -13. Calculate the remainder when h is divided by z.
0
Let d(n) = -n + 1. Let f be d(-7). What is the remainder when 15 is divided by (12/f)/(3/18)?
6
What is the remainder when 98 is divided by (-22)/(-6)*(-2 - (-9 - -4))?
10
Suppose k + 2*i + 62 = 5*k, 44 = 3*k + i. What is the remainder when 72 is divided by k?
12
Suppose -i + 